 -5*w + 18 = -5*r + 28, -26 = -4*r - 5*w. Suppose 0 = r*g - 12864 - 14228. Is g prime?
False
Suppose 4*m + 4*d = -0*d + 368, 0 = 4*m + 2*d - 378. Suppose 1927 = 4*q - 5*z, 10*q = 7*q - z + 1431. Suppose -m + q = h. Is h composite?
True
Let y = -30747 + 47542. Suppose -12*c + 15*c - 4*d = 12615, y = 4*c + 3*d. Is c a composite number?
False
Is 8/6 - (-2 + ((-241559700)/45)/20) a prime number?
True
Let f(v) = -7*v**2 - v + 10. Let o be f(2). Let l be -182 + (-7)/(35/o). Let s = 1099 + l. Is s a composite number?
True
Let k = 18917 + -42955. Let f = -16845 - k. Is f composite?
False
Let g(o) = 709094*o**2 + 152*o - 149. Is g(1) prime?
True
Let w(a) = 190*a + 60. Let l be w(5). Let i = 3113 - l. Is i a prime number?
False
Let g be (-1)/2 + (-7054)/(-4). Let o = -1851 - -1851. Suppose -5*v + 2*r + 9687 = o, 7573 - g = 3*v + r. Is v a composite number?
True
Suppose -40*s - 194695 = -96*s + 51*s. Is s a prime number?
False
Let k = 4878 + -3209. Suppose -7*u - 8 = -5*u, 5*u + k = c. Is c prime?
False
Let f(k) = 632*k**3 - 32*k**2 - 9*k - 112. Is f(9) composite?
False
Is (-133458678)/108*(-14)/21 composite?
False
Suppose 11 = d + 3*z, d - 2 - 5 = -z. Suppose 0 = 5*r - 4*p + 2*p - 2407, d*r + p = 2404. Is r prime?
False
Suppose -262826 + 99613 = -3*c + 2*l, -9*c - 4*l = -489589. Is c prime?
True
Let o(b) = -b**2. Let q(s) = 5*s**2 + 16*s - 3. Let t(z) = 6*o(z) + q(z). Let d be t(9). Suppose -5*f = -10, -4*p = 5*f + d - 1354. Is p a composite number?
True
Let t = 200457 + -126566. Is t a prime number?
False
Let s be (-1)/(((-14)/(-2692))/(-7)). Let n = 3085 - s. Is n a composite number?
True
Suppose -7 = -9*w + 128. Is (-12273)/(-5)*50/w*1 prime?
False
Is (-11 - -8)*(241854/(-9) - -3) a composite number?
True
Let n(u) = 1617*u**2 - 153*u + 577. Is n(4) a composite number?
True
Is (-3 + (-32)/(-10))/((-51)/(-2789445)) prime?
True
Let b = 207017 - 102408. Is b prime?
False
Let x(b) = b**2 + 69*b + 29. Let p(r) = -r**2 - 138*r - 57. Let k(y) = -4*p(y) - 9*x(y). Is k(-10) prime?
True
Let y(x) = -29758*x + 571. Is y(-6) a composite number?
False
Suppose 2*q - 124340 = 277*z - 281*z, 0 = -4*z - 3*q + 124346. Is z prime?
False
Is 2/9 + (4190054/99 - -11) composite?
True
Suppose -1282 = -108*f + 106*f. Is f a composite number?
False
Suppose 15648*h = 15639*h + 175977. Is h a composite number?
False
Suppose 0 = 5*z + 4*a, -2*z + 4*z - a = 0. Suppose 8 = -z*y + 2*y. Let s(k) = 37*k**3 - 3*k**2 - 5. Is s(y) prime?
False
Let f(u) be the third derivative of 29*u**5/60 - 3*u**4/2 - 73*u**3/6 + 45*u**2. Is f(-24) prime?
False
Let y(l) = l**2 + 22*l + 67. Let q be y(-4). Is 6/4 + q/(150/(-27165)) a prime number?
True
Let m(z) = -7101*z + 1427. Is m(-16) a prime number?
False
Let f(n) = n**3 - 26*n**2 + 13*n - 18. Suppose -37 - 63 = -4*o. Let u be f(o). Let q = -69 - u. Is q a prime number?
False
Let b = -32 - -85. Let o be (7 - (-1645 + 16))*2. Suppose -45*c + b*c - o = 0. Is c composite?
False
Let g = 15 - 8. Let q(s) = 56*s**2 - 2*s - 3. Let z(y) = 56*y**2 - 2*y - 3. Let o(k) = g*z(k) - 6*q(k). Is o(-4) composite?
True
Suppose r - 513 = 1995. Suppose -4*b + 1740 = -r. Suppose 16*k = 7*k + b. Is k a composite number?
True
Suppose 3*y - y = 3*n + 19089, -2*y - 31831 = 5*n. Is 38/(-171) - (n/9 - -1) a composite number?
True
Let h(b) = 14905*b - 5404. Is h(11) composite?
False
Let r(i) = i**3 - 19*i**2 + 20*i - 26. Let b be r(18). Let y be (-1 + b/4)/(4/8). Suppose -4*c + y*d - d + 786 = 0, 0 = 4*c + d - 801. Is c prime?
True
Suppose 0 = 12*h - 1343200 - 4377428. Is h a prime number?
True
Is (-59656149)/(-84) + 234/(-72) prime?
True
Let w = 184990 + -92507. Is w prime?
False
Let h = 21349 + -36691. Is (-6)/9*h/4 a composite number?
False
Let m(a) = -33*a**2 - 10 - 27*a**2 + 307*a**2 + a - 11*a + 292*a**2. Is m(-3) composite?
False
Let r(h) = 3*h**2 - 7. Suppose a + 7*x - 288 = 3*x, a - 288 = 5*x. Let v be a/(-27) + (-2)/(-3). Is r(v) prime?
True
Let g be (-12)/(4*(-3)/(-36)). Is (12072/(-36))/(8/g) composite?
True
Let z = 852 + -534. Let l = z - 60. Let o = l + 1399. Is o a composite number?
False
Let c(x) = x**3 - 12*x**2 + 12*x - 13. Let k be c(11). Let p(f) = -f + 4. Let d be p(k). Is 3 + (21/(-7))/(d/(-46)) composite?
True
Suppose -2*x = 4*x - 678. Suppose -108*g = -x*g - 136890. Is (g/24)/(-9) - 2/(-8) composite?
False
Let v = 35720 + 228807. Is v a prime number?
True
Let q(a) = -4*a**2 - 20*a + 14. Let w be (-1)/((-3)/(-4 - -1)). Let m(j) = -j**2 + j + 1. Let f(c) = w*q(c) - 3*m(c). Is f(7) a composite number?
True
Suppose -w + 2373 = 5*b, -3*b = 5*w - 427 - 1010. Let r = b - 183. Suppose -5*n = h - 327, 4*h - r = 3*h + 4*n. Is h composite?
False
Suppose 4*h - 3*r = 68513, h + 17128 = 2*h - r. Suppose h = 14*m - 13*m. Is m a composite number?
True
Suppose 3*q - 3*t = 34122, 0 = 4*q - t - 65526 + 20039. Is q a composite number?
True
Suppose g + 5*h - 4 = -16, -3*h = 2*g + 3. Suppose 81*q + 70 = 556. Suppose r = g + q. Is r a composite number?
True
Let s be (-4 + 1 + 4)*0/1. Let u be (-1 + s)/(5/(-10)). Suppose u*z - 2 = -0*z, 3*g + 3*z = 1698. Is g prime?
False
Let w = 139104 - 69823. Is w composite?
True
Suppose 0 = -5*l - 36*o + 39*o + 59, -4*l + 25 = 5*o. Let q(s) = 137*s**2 - 9*s - 61. Is q(l) composite?
True
Let m(g) be the third derivative of g**5/6 + 5*g**4/12 + 111*g**3/2 + 2*g**2 + 89*g. Is m(-14) prime?
True
Suppose 56527933 = -156*z + 277*z. Is z a composite number?
True
Suppose -62*i + 7995020 = -7928502. Is i a prime number?
True
Let i(t) = 3040*t**2 + 108*t + 307. Is i(-5) composite?
False
Let d = 50862 - 32743. Is d composite?
False
Let l(g) = g**2 - 29*g + 59. Let h be l(27). Suppose -h*w + 2*k = -200801, -4*w + 2*k + 74419 = -86223. Is w prime?
False
Let q be 4 + -2 - ((-9)/(-3) - 3). Suppose -2*t - 19 = -i + t, -t - q = 0. Suppose 0 = -l + i + 66. Is l composite?
False
Let n(c) = -3061*c + 26. Let g be n(-2). Let o = g + -3725. Is o a prime number?
True
Let j(m) = -m**3 - 3*m**2 - m + 4. Let b be j(-3). Suppose b*c + 15 = 190. Suppose -23*q + c*q - 142 = 0. Is q prime?
True
Suppose -y - 3062310 = -4*t, t - 1187884 + 422309 = -y. Is t composite?
False
Let a(h) = -h**3 + 17*h**2 + 6*h + 8. Let o be a(13). Suppose 6*c = 606 + o. Suppose 0 = s - 907 - c. Is s composite?
True
Let r(x) = -8*x - 26. Let c be r(-3). Is 1/(4/c) - 59334/(-132) a prime number?
True
Suppose -4*g + 5313 = -2*g + 3*k, 4*k + 5306 = 2*g. Let x = g - 1678. Is x prime?
True
Let x = 136210 - 88137. Is x prime?
True
Let k be (-4)/14 + (-2)/(-7). Let i(f) = 3*f + f + 2*f**2 + 127 - f**2. Is i(k) prime?
True
Is (-5)/(-40)*3 - (1088583/(-24) + -3) a composite number?
False
Let q(r) = 115*r**2 + 3*r + 15. Suppose 3*o - 3*u = 12, -3*o = 3*u + 2*u - 12. Is q(o) composite?
False
Let w(q) = q**3 + 18*q**2 + 22*q - 13. Let r be w(-16). Let x = -130 - -228. Let p = r - x. Is p a composite number?
True
Suppose -2*d + 218 = 2*u - 6*u, -5*d + 501 = u. Suppose -3*s + 5*m - 298 = -0*s, -2*m + d = -s. Let f = s + 156. Is f a composite number?
True
Let u = 18070 - -230337. Is u composite?
False
Let y = 13472 + 17230. Let q = 52709 - y. Is q a prime number?
False
Let c = -179773 - -290742. Is c prime?
True
Let s(n) = -562*n + 561. Is s(-20) a composite number?
False
Let j = -395591 - -880282. Is j composite?
False
Suppose -25024 - 807415 = -23*n. Is n a prime number?
False
Suppose -27 = -3*m - b + 32, 0 = 2*m + 3*b - 51. Is -3 - (m/2 + -1529) a prime number?
False
Suppose 2*v + 220228 = 2*c, 4*c - 10*v - 440486 = -12*v. Is c composite?
False
Let v = 3702 - -279. Is v a prime number?
False
Let z be 2/(-20) + (-1)/(-10). Let f(r) = 5*r**2 - r + 2746. Is f(z) a prime number?
False
Let l(k) = -18 + 101*k - 252*k + 7 - 10. Is l(-8) prime?
True
Let m = 34 - -109. Let g(q) = 304*q - 11 + 86*q + m*q. Is g(2) composite?
True
Suppose -15*b + r - 44418 = -17*b, -4*r = -2*b + 44398. Is b a prime number?
False
Suppose -363*z = -327*z - 6050196. Is z prime?
False
Let h(y) = 3866*y**2 + 6*y - 221. Is h(9) a prime number?
True
Suppose -3*l - 1 = -4, 9194 = -3*g + 2*l. Let r = 1152 + g. Let q = -1035 - r. Is q composite?
False
Let x be ((-1847)/3)/(4/(-24)). Suppose o = 5*v + 3*o - 9235, o + x = 2*v. Is v a prime number?
True
Suppose 37 = -4*g + 5*x, 0 = 4*g - 2*g + 4*x - 14. Let l be 10/4 - g*(-5)/(-30). Suppose -